{"id":1291,"date":"2025-07-26T12:48:06","date_gmt":"2025-07-26T10:48:06","guid":{"rendered":"https:\/\/cn-scar.es\/wordpress\/?page_id=1291"},"modified":"2026-03-26T12:08:49","modified_gmt":"2026-03-26T11:08:49","slug":"noticias-actos-y-convocatorias-anteriores","status":"publish","type":"page","link":"https:\/\/cn-scar.es\/wordpress\/noticias-actos-y-convocatorias-anteriores\/","title":{"rendered":"Noticias actuales"},"content":{"rendered":"\t\t<div data-elementor-type=\"wp-page\" data-elementor-id=\"1291\" class=\"elementor elementor-1291\">\n\t\t\t\t<div class=\"elementor-element elementor-element-3662c9d1 e-flex e-con-boxed e-con e-parent\" data-id=\"3662c9d1\" data-element_type=\"container\">\n\t\t\t\t\t<div class=\"e-con-inner\">\n\t\t<div class=\"elementor-element elementor-element-5283fb4 e-con-full e-flex e-con e-child\" data-id=\"5283fb4\" data-element_type=\"container\">\n\t\t<div class=\"elementor-element elementor-element-d6219b8 e-con-full e-flex e-con e-child\" data-id=\"d6219b8\" data-element_type=\"container\">\n\t\t\t\t<div class=\"elementor-element elementor-element-2988e35 elementor-fixed elementor-hidden-mobile elementor-widget elementor-widget-image\" data-id=\"2988e35\" data-element_type=\"widget\" data-settings=\"{&quot;_position&quot;:&quot;fixed&quot;}\" data-widget_type=\"image.default\">\n\t\t\t\t<div class=\"elementor-widget-container\">\n\t\t\t\t\t\t\t\t\t\t\t\t\t\t\t<img decoding=\"async\" src=\"https:\/\/cn-scar.es\/wordpress\/wp-content\/uploads\/elementor\/thumbs\/Logo-azul-con-sombra-r7vba9tgf34bt9d9a5cag0y4tyacyc27rchhcwhjbc.png\" title=\"Logo azul con sombra\" alt=\"Logo azul con sombra\" loading=\"lazy\" \/>\t\t\t\t\t\t\t\t\t\t\t\t\t\t\t<\/div>\n\t\t\t\t<\/div>\n\t\t\t\t<\/div>\n\t\t<div class=\"elementor-element elementor-element-6277f13 ops-section e-con-full e-flex e-con e-child\" data-id=\"6277f13\" data-element_type=\"container\" data-settings=\"{&quot;background_background&quot;:&quot;gradient&quot;,&quot;position&quot;:&quot;fixed&quot;,&quot;ekit_has_onepagescroll&quot;:&quot;section&quot;}\">\n\t\t\t\t<div class=\"elementor-element elementor-element-a4485fd elementor-widget__width-inherit elementor-fixed elementor-widget elementor-widget-ekit-nav-menu\" data-id=\"a4485fd\" data-element_type=\"widget\" data-settings=\"{&quot;_position&quot;:&quot;fixed&quot;}\" data-widget_type=\"ekit-nav-menu.default\">\n\t\t\t\t<div class=\"elementor-widget-container\">\n\t\t\t\t\t\t\t<nav class=\"ekit-wid-con ekit_menu_responsive_tablet\" \n\t\t\tdata-hamburger-icon=\"\" \n\t\t\tdata-hamburger-icon-type=\"icon\" \n\t\t\tdata-responsive-breakpoint=\"1024\">\n\t\t\t            <button class=\"elementskit-menu-hamburger elementskit-menu-toggler\"  type=\"button\" aria-label=\"hamburger-icon\">\n                                    <span class=\"elementskit-menu-hamburger-icon\"><\/span><span class=\"elementskit-menu-hamburger-icon\"><\/span><span class=\"elementskit-menu-hamburger-icon\"><\/span>\n                            <\/button>\n            <div id=\"ekit-megamenu-menu-principal-nuevo\" class=\"elementskit-menu-container elementskit-menu-offcanvas-elements elementskit-navbar-nav-default ekit-nav-menu-one-page- ekit-nav-dropdown-hover\"><ul id=\"menu-menu-principal-nuevo\" class=\"elementskit-navbar-nav elementskit-menu-po-right submenu-click-on-icon\"><li id=\"menu-item-1882\" class=\"menu-item menu-item-type-post_type menu-item-object-page menu-item-home menu-item-1882 nav-item elementskit-mobile-builder-content\" data-vertical-menu=750px><a href=\"https:\/\/cn-scar.es\/wordpress\/\" class=\"ekit-menu-nav-link\">Home<\/a><\/li>\n<li id=\"menu-item-1358\" class=\"menu-item menu-item-type-post_type menu-item-object-page menu-item-has-children menu-item-1358 nav-item elementskit-dropdown-has relative_position elementskit-dropdown-menu-default_width elementskit-mobile-builder-content\" data-vertical-menu=750px><a href=\"https:\/\/cn-scar.es\/wordpress\/pagina-de-inicio-1\/\" class=\"ekit-menu-nav-link ekit-menu-dropdown-toggle\">Presentaci\u00f3n<i aria-hidden=\"true\" class=\"icon icon-down-arrow1 elementskit-submenu-indicator\"><\/i><\/a>\n<ul class=\"elementskit-dropdown elementskit-submenu-panel\">\n\t<li id=\"menu-item-417\" class=\"menu-item menu-item-type-post_type menu-item-object-page menu-item-417 nav-item elementskit-mobile-builder-content\" data-vertical-menu=750px><a href=\"https:\/\/cn-scar.es\/wordpress\/c\/\" class=\" dropdown-item\">Espa\u00f1a y el SCAR<\/a>\t<li id=\"menu-item-2172\" class=\"menu-item menu-item-type-custom menu-item-object-custom menu-item-2172 nav-item elementskit-mobile-builder-content\" data-vertical-menu=750px><a href=\"https:\/\/cn-scar.es\/wordpress\/c\/#funciones\" class=\" dropdown-item\">Funciones<\/a>\t<li id=\"menu-item-1057\" class=\"menu-item menu-item-type-custom menu-item-object-custom menu-item-1057 nav-item elementskit-mobile-builder-content\" data-vertical-menu=750px><a href=\"https:\/\/cn-scar.es\/wordpress\/c\/#composicion\" class=\" dropdown-item\">Composici\u00f3n<\/a>\t<li id=\"menu-item-2179\" class=\"menu-item menu-item-type-custom menu-item-object-custom menu-item-2179 nav-item elementskit-mobile-builder-content\" data-vertical-menu=750px><a href=\"https:\/\/cn-scar.es\/wordpress\/c\/#normas\" class=\" dropdown-item\">Normas de funcionamiento<\/a>\t<li id=\"menu-item-1058\" class=\"menu-item menu-item-type-custom menu-item-object-custom menu-item-1058 nav-item elementskit-mobile-builder-content\" data-vertical-menu=750px><a href=\"https:\/\/cn-scar.es\/wordpress\/c\/#conexiones\" class=\" dropdown-item\">Conexiones con otros \u00f3rganos<\/a><\/ul>\n<\/li>\n<li id=\"menu-item-569\" class=\"menu-item menu-item-type-post_type menu-item-object-page menu-item-has-children menu-item-569 nav-item elementskit-dropdown-has relative_position elementskit-dropdown-menu-default_width elementskit-mobile-builder-content\" data-vertical-menu=750px><a href=\"https:\/\/cn-scar.es\/wordpress\/elementor-567\/\" class=\"ekit-menu-nav-link ekit-menu-dropdown-toggle\">Investigaci\u00f3n<i aria-hidden=\"true\" class=\"icon icon-down-arrow1 elementskit-submenu-indicator\"><\/i><\/a>\n<ul class=\"elementskit-dropdown elementskit-submenu-panel\">\n\t<li id=\"menu-item-501\" class=\"menu-item menu-item-type-post_type menu-item-object-page menu-item-has-children menu-item-501 nav-item elementskit-dropdown-has relative_position elementskit-dropdown-menu-default_width elementskit-mobile-builder-content\" data-vertical-menu=750px><a href=\"https:\/\/cn-scar.es\/wordpress\/investigacion-espanola-en-la-antartida\/\" class=\" dropdown-item\">Investigaci\u00f3n espa\u00f1ola en la Ant\u00e1rtida<i aria-hidden=\"true\" class=\"icon icon-down-arrow1 elementskit-submenu-indicator\"><\/i><\/a>\n\t<ul class=\"elementskit-dropdown elementskit-submenu-panel\">\n\t\t<li id=\"menu-item-758\" class=\"menu-item menu-item-type-custom menu-item-object-custom menu-item-758 nav-item elementskit-mobile-builder-content\" data-vertical-menu=750px><a href=\"https:\/\/cn-scar.es\/wordpress\/investigacion-espanola-en-la-antartida\/#infraes\" class=\" dropdown-item\">Infraestucturas<\/a>\t\t<li id=\"menu-item-765\" class=\"menu-item menu-item-type-custom menu-item-object-custom menu-item-765 nav-item elementskit-mobile-builder-content\" data-vertical-menu=750px><a href=\"https:\/\/cn-scar.es\/wordpress\/investigacion-espanola-en-la-antartida\/#datos\" class=\" dropdown-item\">Datos<\/a>\t<\/ul>\n\t<li id=\"menu-item-777\" class=\"menu-item menu-item-type-post_type menu-item-object-page menu-item-777 nav-item elementskit-mobile-builder-content\" data-vertical-menu=750px><a href=\"https:\/\/cn-scar.es\/wordpress\/participacion-espanola-en-el-scar\/\" class=\" dropdown-item\">Participaci\u00f3n espa\u00f1ola en el SCAR<\/a>\t<li id=\"menu-item-794\" class=\"menu-item menu-item-type-custom menu-item-object-custom menu-item-794 nav-item elementskit-mobile-builder-content\" data-vertical-menu=750px><a href=\"https:\/\/cn-scar.es\/wordpress\/participacion-espanola-en-el-scar\/#investigaintern\" class=\" dropdown-item\">El SCAR Internacional<\/a>\t<li id=\"menu-item-796\" class=\"menu-item menu-item-type-custom menu-item-object-custom menu-item-796 nav-item elementskit-mobile-builder-content\" data-vertical-menu=750px><a href=\"https:\/\/cn-scar.es\/wordpress\/participacion-espanola-en-el-scar\/#estrategiacientifica\" class=\" dropdown-item\">Estrategia Cient\u00edfica del SCAR<\/a>\t<li id=\"menu-item-797\" class=\"menu-item menu-item-type-custom menu-item-object-custom menu-item-797 nav-item elementskit-mobile-builder-content\" data-vertical-menu=750px><a href=\"https:\/\/cn-scar.es\/wordpress\/participacion-espanola-en-el-scar\/#SCARtratado\" class=\" dropdown-item\">SCAR en el Sistema del Tratado Ant\u00e1rtico<\/a><\/ul>\n<\/li>\n<li id=\"menu-item-900\" class=\"menu-item menu-item-type-post_type menu-item-object-page current-menu-ancestor current-menu-parent current_page_parent current_page_ancestor menu-item-has-children menu-item-900 nav-item elementskit-dropdown-has relative_position elementskit-dropdown-menu-default_width elementskit-mobile-builder-content\" data-vertical-menu=750px><a href=\"https:\/\/cn-scar.es\/wordpress\/noticias\/\" class=\"ekit-menu-nav-link ekit-menu-dropdown-toggle\">Noticias<i aria-hidden=\"true\" class=\"icon icon-down-arrow1 elementskit-submenu-indicator\"><\/i><\/a>\n<ul class=\"elementskit-dropdown elementskit-submenu-panel\">\n\t<li id=\"menu-item-2599\" class=\"menu-item menu-item-type-post_type menu-item-object-page current-menu-item page_item page-item-1291 current_page_item menu-item-2599 nav-item elementskit-mobile-builder-content active\" data-vertical-menu=750px><a href=\"https:\/\/cn-scar.es\/wordpress\/noticias-actos-y-convocatorias-anteriores\/\" class=\" dropdown-item active\">Noticias<\/a>\t<li id=\"menu-item-2612\" class=\"menu-item menu-item-type-post_type menu-item-object-page menu-item-2612 nav-item elementskit-mobile-builder-content\" data-vertical-menu=750px><a href=\"https:\/\/cn-scar.es\/wordpress\/scar_newsletters\/\" class=\" dropdown-item\">SCAR Newsletters<\/a>\t<li id=\"menu-item-2627\" class=\"menu-item menu-item-type-custom menu-item-object-custom menu-item-2627 nav-item elementskit-mobile-builder-content\" data-vertical-menu=750px><a href=\"https:\/\/cn-scar.es\/wordpress\/scar_newsletters\/#premiosybecas\" class=\" dropdown-item\">Premios y Becas<\/a>\t<li id=\"menu-item-2640\" class=\"menu-item menu-item-type-custom menu-item-object-custom menu-item-2640 nav-item elementskit-mobile-builder-content\" data-vertical-menu=750px><a href=\"https:\/\/cn-scar.es\/wordpress\/scar_newsletters\/#confysimp\" class=\" dropdown-item\">Conferencias y Simposios<\/a>\t<li id=\"menu-item-2327\" class=\"menu-item menu-item-type-custom menu-item-object-custom menu-item-2327 nav-item elementskit-mobile-builder-content\" data-vertical-menu=750px><a href=\"https:\/\/scar.org\/events\" class=\" dropdown-item\">SCAR Events<\/a><\/ul>\n<\/li>\n<li id=\"menu-item-906\" class=\"menu-item menu-item-type-post_type menu-item-object-page menu-item-has-children menu-item-906 nav-item elementskit-dropdown-has relative_position elementskit-dropdown-menu-default_width elementskit-mobile-builder-content\" data-vertical-menu=750px><a href=\"https:\/\/cn-scar.es\/wordpress\/recursos\/\" class=\"ekit-menu-nav-link ekit-menu-dropdown-toggle\">Recursos<i aria-hidden=\"true\" class=\"icon icon-down-arrow1 elementskit-submenu-indicator\"><\/i><\/a>\n<ul class=\"elementskit-dropdown elementskit-submenu-panel\">\n\t<li id=\"menu-item-946\" class=\"menu-item menu-item-type-custom menu-item-object-custom menu-item-has-children menu-item-946 nav-item elementskit-dropdown-has relative_position elementskit-dropdown-menu-default_width elementskit-mobile-builder-content\" data-vertical-menu=750px><a href=\"https:\/\/cn-scar.es\/wordpress\/recursos\/#invest\" class=\" dropdown-item\">Investigaci\u00f3n<i aria-hidden=\"true\" class=\"icon icon-down-arrow1 elementskit-submenu-indicator\"><\/i><\/a>\n\t<ul class=\"elementskit-dropdown elementskit-submenu-panel\">\n\t\t<li id=\"menu-item-947\" class=\"menu-item menu-item-type-custom menu-item-object-custom menu-item-947 nav-item elementskit-mobile-builder-content\" data-vertical-menu=750px><a href=\"https:\/\/cn-scar.es\/wordpress\/recursos\/#informesanuales\" class=\" dropdown-item\">Informes anuales<\/a>\t\t<li id=\"menu-item-948\" class=\"menu-item menu-item-type-custom menu-item-object-custom menu-item-948 nav-item elementskit-mobile-builder-content\" data-vertical-menu=750px><a href=\"https:\/\/cn-scar.es\/wordpress\/recursos\/#otrosinf\" class=\" dropdown-item\">Otros informes<\/a>\t\t<li id=\"menu-item-949\" class=\"menu-item menu-item-type-custom menu-item-object-custom menu-item-949 nav-item elementskit-mobile-builder-content\" data-vertical-menu=750px><a href=\"https:\/\/cn-scar.es\/wordpress\/recursos\/#anopolar\" class=\" dropdown-item\">A\u00f1o Polar 2007-2008<\/a>\t\t<li id=\"menu-item-950\" class=\"menu-item menu-item-type-custom menu-item-object-custom menu-item-950 nav-item elementskit-mobile-builder-content\" data-vertical-menu=750px><a href=\"https:\/\/cn-scar.es\/wordpress\/recursos\/#publicaciones\" class=\" dropdown-item\">Publicaciones<\/a>\t<\/ul>\n\t<li id=\"menu-item-1260\" class=\"menu-item menu-item-type-post_type menu-item-object-page menu-item-1260 nav-item elementskit-mobile-builder-content\" data-vertical-menu=750px><a href=\"https:\/\/cn-scar.es\/wordpress\/educacion-y-divulgacion\/\" class=\" dropdown-item\">Educaci\u00f3n y Divulgaci\u00f3n<\/a>\t<li id=\"menu-item-1266\" class=\"menu-item menu-item-type-post_type menu-item-object-page menu-item-1266 nav-item elementskit-mobile-builder-content\" data-vertical-menu=750px><a href=\"https:\/\/cn-scar.es\/wordpress\/recursos-graficos\/\" class=\" dropdown-item\">Recursos gr\u00e1ficos<\/a>\t<li id=\"menu-item-1272\" class=\"menu-item menu-item-type-post_type menu-item-object-page menu-item-1272 nav-item elementskit-mobile-builder-content\" data-vertical-menu=750px><a href=\"https:\/\/cn-scar.es\/wordpress\/enlaces-de-interes\/\" class=\" dropdown-item\">Enlaces de inter\u00e9s<\/a><\/ul>\n<\/li>\n<li id=\"menu-item-1279\" class=\"menu-item menu-item-type-post_type menu-item-object-page menu-item-1279 nav-item elementskit-mobile-builder-content\" data-vertical-menu=750px><a href=\"https:\/\/cn-scar.es\/wordpress\/contacto\/\" class=\"ekit-menu-nav-link\">Contacto<\/a><\/li>\n<\/ul><div class=\"elementskit-nav-identity-panel\"><button class=\"elementskit-menu-close elementskit-menu-toggler\" type=\"button\">X<\/button><\/div><\/div>\t\t\t\n\t\t\t<div class=\"elementskit-menu-overlay elementskit-menu-offcanvas-elements elementskit-menu-toggler ekit-nav-menu--overlay\"><\/div>        <\/nav>\n\t\t\t\t\t\t<\/div>\n\t\t\t\t<\/div>\n\t\t\t\t<\/div>\n\t\t\t\t<\/div>\n\t\t\t\t\t<\/div>\n\t\t\t\t<\/div>\n\t\t<div class=\"elementor-element elementor-element-49d73ffe e-flex e-con-boxed e-con e-parent\" data-id=\"49d73ffe\" data-element_type=\"container\" data-settings=\"{&quot;animation&quot;:&quot;none&quot;}\">\n\t\t\t\t\t<div class=\"e-con-inner\">\n\t\t\t\t<div class=\"elementor-element elementor-element-478fb9ea elementor-widget__width-initial elementor-invisible elementor-widget elementor-widget-heading\" data-id=\"478fb9ea\" data-element_type=\"widget\" data-settings=\"{&quot;_animation&quot;:&quot;fadeInLeft&quot;}\" data-widget_type=\"heading.default\">\n\t\t\t\t<div class=\"elementor-widget-container\">\n\t\t\t\t\t<h2 class=\"elementor-heading-title elementor-size-default\">Noticias<\/h2>\t\t\t\t<\/div>\n\t\t\t\t<\/div>\n\t\t<div class=\"elementor-element elementor-element-a04f766 e-flex e-con-boxed e-con e-child\" data-id=\"a04f766\" data-element_type=\"container\">\n\t\t\t\t\t<div class=\"e-con-inner\">\n\t\t\t\t<div class=\"elementor-element elementor-element-9a10ab9 elementor-widget elementor-widget-heading\" data-id=\"9a10ab9\" data-element_type=\"widget\" data-widget_type=\"heading.default\">\n\t\t\t\t<div class=\"elementor-widget-container\">\n\t\t\t\t\t<h2 class=\"elementor-heading-title elementor-size-default\">2027<\/h2>\t\t\t\t<\/div>\n\t\t\t\t<\/div>\n\t\t\t\t<div class=\"elementor-element elementor-element-df5db49 elementor-widget elementor-widget-text-editor\" data-id=\"df5db49\" data-element_type=\"widget\" data-widget_type=\"text-editor.default\">\n\t\t\t\t<div class=\"elementor-widget-container\">\n\t\t\t\t\t\t\t\t\t<p><strong>XI Simposio de Estudios Polares<br \/><\/strong>C\u00e1diz, Espa\u00f1a<\/p>\t\t\t\t\t\t\t\t<\/div>\n\t\t\t\t<\/div>\n\t\t\t\t<div class=\"elementor-element elementor-element-f8fb5be elementor-widget elementor-widget-heading\" data-id=\"f8fb5be\" data-element_type=\"widget\" data-widget_type=\"heading.default\">\n\t\t\t\t<div class=\"elementor-widget-container\">\n\t\t\t\t\t<h2 class=\"elementor-heading-title elementor-size-default\">2026<\/h2>\t\t\t\t<\/div>\n\t\t\t\t<\/div>\n\t\t\t\t<div class=\"elementor-element elementor-element-6fc7896 elementor-widget elementor-widget-text-editor\" data-id=\"6fc7896\" data-element_type=\"widget\" data-widget_type=\"text-editor.default\">\n\t\t\t\t<div class=\"elementor-widget-container\">\n\t\t\t\t\t\t\t\t\t<p><strong>12th SCAR Open Science Conference<\/strong><br \/>8\u201319 agosto 2026<br \/>Oslo, Noruega<br \/>&#8211; <a href=\"https:\/\/scar2026.org\/\" target=\"_blank\" rel=\"noopener\"><em>Web<\/em><\/a><\/p><p><strong>Acreditaci\u00f3n IPY-5<br \/><\/strong>\u00a1Solicita la acreditaci\u00f3n para el 5\u00ba A\u00f1o Polar Internacional para tu proyecto a partir de 2026!<br \/>M\u00e1s informaci\u00f3n:<br \/><em>&#8211; <a href=\"https:\/\/scar.org\/scar-news\/apply-for-ipy-5-endorsement-for-your-project-from-202\" target=\"_blank\" rel=\"noopener\">Web del SCAR<\/a><\/em><br \/><em>&#8211; <a href=\"https:\/\/ipy5.info\/get-involved\/project-endorsements\/\" target=\"_blank\" rel=\"noopener\">Web del A\u00f1o Polar Internacional<\/a><\/em><\/p>\t\t\t\t\t\t\t\t<\/div>\n\t\t\t\t<\/div>\n\t\t\t\t<div class=\"elementor-element elementor-element-e29d927 elementor-widget elementor-widget-heading\" data-id=\"e29d927\" data-element_type=\"widget\" data-widget_type=\"heading.default\">\n\t\t\t\t<div class=\"elementor-widget-container\">\n\t\t\t\t\t<h2 class=\"elementor-heading-title elementor-size-default\">2024<\/h2>\t\t\t\t<\/div>\n\t\t\t\t<\/div>\n\t\t\t\t<div class=\"elementor-element elementor-element-afc684a elementor-widget elementor-widget-text-editor\" data-id=\"afc684a\" data-element_type=\"widget\" data-widget_type=\"text-editor.default\">\n\t\t\t\t<div class=\"elementor-widget-container\">\n\t\t\t\t\t\t\t\t\t<p><strong>X Simposio de Estudios Polares<\/strong><br \/>15 &#8211; 17 de mayo de 2024, Salamanca, Espa\u00f1a<br \/>&#8211; <em><a href=\"https:\/\/estudiospolares.fundacionusal.es\/\">M\u00e1s informaci\u00f3n<\/a><\/em><\/p><p><strong>SCAR Open Science Conference 2024<\/strong><br \/>\u00abAntarctic Science: Crossroads for a New Hope\u00bb<br \/>19-23 agosto 2024, Puc\u00f3n, Chile<br \/><em>&#8211; <a href=\"https:\/\/scar.org\/scar-news\/osc2024-draft-list\" target=\"_blank\" rel=\"noopener\">M\u00e1s informaci\u00f3n<\/a><\/em><\/p>\t\t\t\t\t\t\t\t<\/div>\n\t\t\t\t<\/div>\n\t\t\t\t\t<\/div>\n\t\t\t\t<\/div>\n\t\t\t\t\t<\/div>\n\t\t\t\t<\/div>\n\t\t<div class=\"elementor-element elementor-element-3caf7e35 e-con-full e-flex e-con e-parent\" data-id=\"3caf7e35\" data-element_type=\"container\">\n\t\t\t\t<div class=\"elementor-element elementor-element-611d5d75 elementor-widget-divider--view-line elementor-widget elementor-widget-divider\" data-id=\"611d5d75\" data-element_type=\"widget\" data-widget_type=\"divider.default\">\n\t\t\t\t<div class=\"elementor-widget-container\">\n\t\t\t\t\t\t\t<div class=\"elementor-divider\">\n\t\t\t<span class=\"elementor-divider-separator\">\n\t\t\t\t\t\t<\/span>\n\t\t<\/div>\n\t\t\t\t\t\t<\/div>\n\t\t\t\t<\/div>\n\t\t\t\t<\/div>\n\t\t<div class=\"elementor-element elementor-element-267f977b e-con-full e-flex e-con e-parent\" data-id=\"267f977b\" data-element_type=\"container\" data-settings=\"{&quot;background_background&quot;:&quot;classic&quot;}\">\n\t\t\t\t<div class=\"elementor-element elementor-element-0175723 elementor-widget__width-inherit elementor-absolute elementor-widget elementor-widget-image\" data-id=\"0175723\" data-element_type=\"widget\" data-settings=\"{&quot;_position&quot;:&quot;absolute&quot;}\" data-widget_type=\"image.default\">\n\t\t\t\t<div class=\"elementor-widget-container\">\n\t\t\t\t\t\t\t\t\t\t\t\t\t\t\t<img decoding=\"async\" src=\"https:\/\/cn-scar.es\/wordpress\/wp-content\/uploads\/elementor\/thumbs\/Logo-blanco-r85xiysuhih0v36xhs84l29u3vktzs29cgi11jda88.png\" title=\"Logo blanco\" alt=\"Logo blanco\" loading=\"lazy\" \/>\t\t\t\t\t\t\t\t\t\t\t\t\t\t\t<\/div>\n\t\t\t\t<\/div>\n\t\t\t\t<div class=\"elementor-element elementor-element-27d2a76 elementor-widget__width-inherit elementor-absolute elementor-widget elementor-widget-heading\" data-id=\"27d2a76\" data-element_type=\"widget\" data-settings=\"{&quot;_position&quot;:&quot;absolute&quot;}\" data-widget_type=\"heading.default\">\n\t\t\t\t<div class=\"elementor-widget-container\">\n\t\t\t\t\t<h2 class=\"elementor-heading-title elementor-size-default\"><a href=\"https:\/\/scar.org\/terms-conditions\" target=\"_blank\">AVISO LEGAL<\/a><\/h2>\t\t\t\t<\/div>\n\t\t\t\t<\/div>\n\t\t\t\t<\/div>\n\t\t<div class=\"elementor-element elementor-element-0da00d1 e-flex e-con-boxed e-con e-parent\" data-id=\"0da00d1\" data-element_type=\"container\">\n\t\t\t\t\t<div class=\"e-con-inner\">\n\t\t\t\t<div class=\"elementor-element elementor-element-24fb452 elementor-widget elementor-widget-wp-widget-custom_html\" data-id=\"24fb452\" data-element_type=\"widget\" data-widget_type=\"wp-widget-custom_html.default\">\n\t\t\t\t<div class=\"elementor-widget-container\">\n\t\t\t\t\t<div class=\"textwidget custom-html-widget\">.ast-right-sidebar #primary {\r\nborder-right: 0;\r\n}<\/div>\t\t\t\t<\/div>\n\t\t\t\t<\/div>\n\t\t\t\t\t<\/div>\n\t\t\t\t<\/div>\n\t\t<div class=\"elementor-element elementor-element-bf5770f e-flex e-con-boxed e-con e-parent\" data-id=\"bf5770f\" data-element_type=\"container\">\n\t\t\t\t\t<div class=\"e-con-inner\">\n\t\t\t\t\t<\/div>\n\t\t\t\t<\/div>\n\t\t\t\t<\/div>\n\t\t\n    <div class=\"xs_social_share_widget xs_share_url after_content \t\tmain_content  wslu-style-1 wslu-share-box-shaped wslu-fill-colored wslu-none wslu-share-horizontal wslu-theme-font-no wslu-main_content\">\n\n\t\t\n        <ul>\n\t\t\t        <\/ul>\n    <\/div> \n","protected":false},"excerpt":{"rendered":"<p>Home Presentaci\u00f3n Espa\u00f1a y el SCAR Funciones Composici\u00f3n Normas de funcionamiento Conexiones con otros \u00f3rganos Investigaci\u00f3n Investigaci\u00f3n espa\u00f1ola en la Ant\u00e1rtida Infraestucturas Datos Participaci\u00f3n espa\u00f1ola en el SCAR El SCAR Internacional Estrategia Cient\u00edfica del SCAR SCAR en el Sistema del Tratado Ant\u00e1rtico Noticias Noticias SCAR Newsletters Premios y Becas Conferencias y Simposios SCAR Events Recursos [&hellip;]<\/p>\n","protected":false},"author":1,"featured_media":0,"parent":0,"menu_order":0,"comment_status":"closed","ping_status":"closed","template":"elementor_canvas","meta":{"footnotes":""},"class_list":["post-1291","page","type-page","status-publish","hentry"],"_links":{"self":[{"href":"https:\/\/cn-scar.es\/wordpress\/wp-json\/wp\/v2\/pages\/1291","targetHints":{"allow":["GET"]}}],"collection":[{"href":"https:\/\/cn-scar.es\/wordpress\/wp-json\/wp\/v2\/pages"}],"about":[{"href":"https:\/\/cn-scar.es\/wordpress\/wp-json\/wp\/v2\/types\/page"}],"author":[{"embeddable":true,"href":"https:\/\/cn-scar.es\/wordpress\/wp-json\/wp\/v2\/users\/1"}],"replies":[{"embeddable":true,"href":"https:\/\/cn-scar.es\/wordpress\/wp-json\/wp\/v2\/comments?post=1291"}],"version-history":[{"count":74,"href":"https:\/\/cn-scar.es\/wordpress\/wp-json\/wp\/v2\/pages\/1291\/revisions"}],"predecessor-version":[{"id":3171,"href":"https:\/\/cn-scar.es\/wordpress\/wp-json\/wp\/v2\/pages\/1291\/revisions\/3171"}],"wp:attachment":[{"href":"https:\/\/cn-scar.es\/wordpress\/wp-json\/wp\/v2\/media?parent=1291"}],"curies":[{"name":"wp","href":"https:\/\/api.w.org\/{rel}","templated":true}]}}